4)) - s.
2, 73
Let s be (-1)/3 + 32/6. Let b be (19/(171/27))/((-6)/(-136)). Let m = b + s. What are the prime factors of m?
73
Let q be (-4)/26 - 656/(-208). List the prime factors of 12174/42 - ((-12)/28)/q.
2, 5, 29
Suppose 3*h = 3*u + 2061, 26*u - 27*u = -3*h + 689. Let s = 1216 + u. List the prime factors of s.
2, 5, 53
Suppose k - 126282 = -5*v + 71412, -4*k + 158136 = 4*v. What are the prime factors of v?
2, 3, 5, 659
Suppose 0 = 2*b - 2*s - 15906, 5*b - s - 30943 - 8850 = 0. What are the prime factors of b?
2, 5, 199
Suppose 2*q + q - 5*t - 44 = 0, -5*q + 4*t + 69 = 0. Let z = 14 - q. Let l(a) = 55*a**3 - a. List the prime factors of l(z).
2, 3
Suppose 0 = 7*t - 3*t. Let d(o) = -35*o + 405. Let w be d(11). Suppose t*q + 5*q = w. List the prime factors of q.
2
List the prime factors of (0 - (-76)/(-16))/((-6)/25368).
7, 19, 151
Let a = 2367 + 1820. List the prime factors of a.
53, 79
Let a(b) = -b**3 + 6*b**2 + 9*b - 17. Let y be a(7). Let u be y/(-1*((-243)/61 + 4)). Let g = -82 + u. List the prime factors of g.
101
Suppose 104*f - 108*f = 4*b - 35420, -4*b = -2*f + 17710. List the prime factors of f.
5, 7, 11, 23
Let r = -16208 - -17816. List the prime factors of r.
2, 3, 67
Let u be (-4 - (-8)/1)*34/8. Suppose -u*v + 1864 = -2539. List the prime factors of v.
7, 37
Let f(s) = -11*s**2 + 14*s + 38. Let i(z) = 2*z**2 + z. Let x(v) = -f(v) + 6*i(v). List the prime factors of x(-5).
577
Suppose 9*x = 14*x + 100. Let d = -20 - x. Suppose 3*c + y + y - 424 = d, y = -5*c + 695. What are the prime factors of c?
2, 3, 23
Let p = 866 + -819. Let g(z) = z**2 - 51*z + 281. List the prime factors of g(p).
3, 31
Let z = -151 + 142. Let a(p) = -p**3 + 19*p**2 + 20*p - 3. Let d be a(20). List the prime factors of ((-58)/(-3))/(d/z).
2, 29
Let f = -23 + 38. Let x(y) = -22 + 12*y + 1464*y**2 - 739*y**2 - 710*y**2 - y**3. What are the prime factors of x(f)?
2, 79
Let q = 81 + -84. Let z be (-852)/(-15)*(30/(-4))/q. Suppose s = 3*m - z - 12, 2*s = -3*m + 151. List the prime factors of m.
3, 17
Let t = 1509 - 2135. Let s = -2 - t. List the prime factors of s.
2, 3, 13
Suppose 0 = -3*x - 12, -2*n - n = -5*x - 2552. Suppose -n = -5*h + 511. Suppose u - 73 = 3*f - 0*f, 5*f = 4*u - h. What are the prime factors of u?
2
Suppose 5*s - 7*s = 2*u - 438, 5*s + 1145 = 5*u. Suppose r - u = -40. List the prime factors of r.
2, 23
Let u(t) = t**2 + 6*t + 2. Let g(n) = -4*n**2 - 19*n - 7. Let o(r) = 2*r - 3. Let d be o(-2). Let l(a) = d*u(a) - 2*g(a). What are the prime factors of l(11)?
7, 11
Let p(m) = 9*m**3 - 12*m - 421. Let z(h) = 5*h**3 - 6*h - 211. Let k(v) = -6*p(v) + 11*z(v). What are the prime factors of k(0)?
5, 41
Let n = 1347 + -833. Suppose 0 = 4*t - 5*u - 407, 13*t - 8*t = u + n. List the prime factors of t.
103
Let n(y) be the second derivative of -y**3/3 + 3*y**2 - 17*y. Let k be n(5). List the prime factors of 40/(k/16*-1).
2, 5
Let n = 19 + -14. Let f be 14*(n/(-10) - -1). Suppose b + 252 = f*b. What are the prime factors of b?
2, 3, 7
Let j = 2280 + 2468. List the prime factors of j.
2, 1187
What are the prime factors of -122*(12/(-138) - (-17182)/(-253))?
2, 17, 61
Let u(t) be the second derivative of 73*t**3/3 + 6*t**2 + 27*t. List the prime factors of u(4).
2, 149
Let p(q) = 88 + 28*q - 37 - 23*q. Let v be p(-6). What are the prime factors of (28/v)/(2/174)?
2, 29
Let y = 68 + -49. Suppose -2*p + y = -d, 3*d + 12 = 27. List the prime factors of (180/(-10))/((-2)/p).
2, 3
Let w = 30 + -21. Let x be (1 + (-91)/3)*w/6. What are the prime factors of -2 + (x/(-3) - 7/(-21))?
13
Suppose -2 = 15*z - 32. Suppose -2*u = -4*v + 2308, 0 = z*v + 3*u - 1540 + 370. What are the prime factors of v?
3, 193
Let d = 224 + -111. Let s = d + 168. List the prime factors of s.
281
Suppose 13812 - 46880 = -4*p + 4*d, 4*p = 2*d + 33062. What are the prime factors of p?
2, 1033
Let a = 102 - -10915. What are the prime factors of a?
23, 479
Let b(u) = -2*u**3 + 113*u**2 - 207*u + 246. List the prime factors of b(47).
2, 31, 131
Let k = 11411 + -8255. What are the prime factors of k?
2, 3, 263
Suppose j + 2*c = 21, -3*c + 24 + 88 = 5*j. Suppose 25*p = j*p + 380. List the prime factors of p.
2, 5, 19
Suppose -191 = -3*z - 569. Let t be (-28)/z - 518/(-18). Suppose 4*q - 483 = t. List the prime factors of q.
2
Let t = -2024 + 4152. Suppose 13*j + t = 18664. What are the prime factors of j?
2, 3, 53
Suppose 23167 = 14*r + 5541. What are the prime factors of r?
1259
Let g(k) = 2*k**2 - 31*k - 13. Let v be g(16). Suppose 514 - 169 = 3*p + v*m, -4*p + 2*m = -478. What are the prime factors of p?
2, 59
Suppose 0 = -4*b - 8, 42 = 3*k - k + 4*b. Suppose -4 = 4*g, -k*g = 2*l - 23*g - 2828. What are the prime factors of l?
5, 283
Let u(v) = v**3 + 19*v**2 + 11*v + 41. Suppose -j - 7 = -5*k, -4*k + 15 = -j - 3*k. What are the prime factors of u(j)?
2, 3
Suppose -35 = -5*c - j + 6*j, c + j = 9. Suppose 3*x - c*x = 0. Let s(b) = b**2 - 3*b + 54. What are the prime factors of s(x)?
2, 3
Let q(s) = s**3 + 30*s**2 - 31*s - 50. Let m(j) = j**3 + 29*j**2 - 30*j - 50. Let r(u) = -4*m(u) + 3*q(u). List the prime factors of r(-27).
2, 5
Let y be 0 + -1 + (-250)/2. Let a = -1878 + 1528. Let o = y - a. List the prime factors of o.
2, 7
Suppose -k + 9*s = 6*s + 442, -4*k - 4*s = 1752. Let l = 784 + k. What are the prime factors of l?
3, 5, 23
Suppose -3*b - 1765 = -p, 5*b + 5*p = -0*p - 2935. Let y = 1133 + b. List the prime factors of y.
5, 109
Suppose -8*o + 5*o = 10355 - 33413. What are the prime factors of o?
2, 3, 7, 61
Suppose -3*f - 51 = d, 5*f + 8 - 33 = 0. Let w = d - -77. Suppose w*p - 680 = -53. List the prime factors of p.
3, 19
What are the prime factors of (-4)/(-8)*46/1*146?
2, 23, 73
Let q(x) = x**3 + 17*x**2 - 15*x - 3. Let c be q(-18). Let w = c + 356. Suppose -2*y + 0*d + 139 = d, 4*y = 5*d + w. List the prime factors of y.
71
Let n(q) = 7*q - 90*q**3 + 79*q**3 + 0*q + 3*q**2 + 4. List the prime factors of n(-3).
307
Suppose -20 + 28 = 4*s. Suppose -10*x = -9*x - s. Suppose z - 44 = -x*r + r, z = 2*r - 85. What are the prime factors of r?
43
List the prime factors of (15051/4)/(((-5)/(-4))/((-530)/(-159))).
2, 29, 173
Suppose 0 = -3*r + 2*d + 16, 5*r + 2*d + 0*d = 16. Suppose -f = -r*f + 6. Suppose -3*n = 15, -f*h - 4*n = 41 - 159. List the prime factors of h.
3, 23
Let z(t) = t**3 - 36*t**2 + 77*t + 246. List the prime factors of z(43).
2, 3, 5, 11
Suppose 14*q - 14*q = 6*q - 32454. What are the prime factors of q?
3, 601
Suppose 4*c + 281 = 5*m - 175, 2*c + 96 = m. List the prime factors of 2/(-22) - (-4 - 80264/m).
2, 229
Suppose -2*a = 4*a - 12. Suppose 4 = a*s - 2. Let i = s - -61. What are the prime factors of i?
2
Let n = 16832 - 406. What are the prime factors of n?
2, 43, 191
Suppose 2*g = -5 + 3, -g = -5*q + 13166. Let p = q - 1155. What are the prime factors of p?
2, 739
Let s(z) = 173*z. List the prime factors of s(41).
41, 173
Suppose d = 15*d + 196. Let z(c) = 2*c**2 - 2*c - 34. List the prime factors of z(d).
2, 193
Let b(i) = i**3 + 10*i**2 + 18*i + 18. Let v be b(-8). Let s(l) = 15*l + 4*l**2 - v*l**2 + 17 - 19 - 20. List the prime factors of s(-12).
2, 43
Let n = 8750 + -6313. List the prime factors of n.
2437
List the prime factors of (-1139938)/(-235)*(1 - 6/(-4)).
67, 181
Let p(b) = b**2 - 6*b + 359. What are the prime factors of p(-59)?
2, 3, 233
Let b be -5*2/(70/(-10367)). Suppose 4*m = y + b, 19*y - 1845 = -5*m + 14*y. List the prime factors of m.
2, 5, 37
Suppose 3*n - 69 = 3*u, 7*n - 43 = 6*n + 5*u. Let s(y) = 3*y**3 - 52*y**2 - 14*y - 32. List the prime factors of s(n).
2, 7, 13
Suppose 4*g = 5*i + 2958, -617 = 5*i + 5*g + 2368. Let a = 27 - i. What are the prime factors of a?
3, 23
Let m = 232 - 209. Suppose 13*c - m*c = -9640. What are the prime factors of c?
2, 241
Let f(n) = n**3 - 2*n**2 - 17*n + 18. Let r be f(5). List the prime factors of (r/(-1))/(-4) - -1*411.
7, 59
Suppose 7*m - 4*m = 0. Suppose -3*n + 754 - 100 = m. What are the prime factors of n?
2, 109
Let m = 3571 - 1724. What are the prime factors of m?
1847
Let q(n) = 25*n**2 - 8*n + 48. Let l(o) = -16*o + 100. Let p be l(6). What are the prime factors of q(p)?
2, 13
Let q be (9*(-2)/5)/((-2)/5). Suppose -2301 = -5*a + 2*g, -927 = -2*a - 6*g + q*g. What are the prime factors of 